{"id":31,"date":"2023-04-20T11:47:35","date_gmt":"2023-04-20T11:47:35","guid":{"rendered":"https:\/\/dummy.xtemos.com\/woodmart2\/furniture2-elementor\/?page_id=31"},"modified":"2025-01-30T11:27:00","modified_gmt":"2025-01-30T11:27:00","slug":"hakkimizda","status":"publish","type":"page","link":"https:\/\/slp.com.tr\/yeni\/hakkimizda\/","title":{"rendered":"Hakk\u0131m\u0131zda"},"content":{"rendered":"\t\t<div data-elementor-type=\"wp-page\" data-elementor-id=\"31\" class=\"elementor elementor-31\" data-elementor-post-type=\"page\">\n\t\t\t\t<div class=\"wd-negative-gap elementor-element elementor-element-b606919 e-flex e-con-boxed e-con e-parent\" data-id=\"b606919\" data-element_type=\"container\">\n\t\t\t\t\t<div class=\"e-con-inner\">\n\t\t<div class=\"elementor-element elementor-element-f47dd0c e-con-full e-flex e-con e-child\" data-id=\"f47dd0c\" data-element_type=\"container\">\n\t\t\t\t<div class=\"elementor-element elementor-element-09574e9 elementor-widget elementor-widget-wd_image_or_svg\" data-id=\"09574e9\" data-element_type=\"widget\" data-widget_type=\"wd_image_or_svg.default\">\n\t\t\t\t<div class=\"elementor-widget-container\">\n\t\t\t\t\t\n\t\t<div class=\"wd-image text-left\">\n\t\t\t\t\t\t\t\t<img fetchpriority=\"high\" decoding=\"async\" width=\"1772\" height=\"1894\" src=\"https:\/\/slp.com.tr\/yeni\/wp-content\/uploads\/2025\/01\/hakkimizda-min.png\" class=\"attachment-full size-full\" alt=\"\" srcset=\"https:\/\/slp.com.tr\/yeni\/wp-content\/uploads\/2025\/01\/hakkimizda-min.png 1772w, https:\/\/slp.com.tr\/yeni\/wp-content\/uploads\/2025\/01\/hakkimizda-min-281x300.png 281w, https:\/\/slp.com.tr\/yeni\/wp-content\/uploads\/2025\/01\/hakkimizda-min-958x1024.png 958w, https:\/\/slp.com.tr\/yeni\/wp-content\/uploads\/2025\/01\/hakkimizda-min-768x821.png 768w, https:\/\/slp.com.tr\/yeni\/wp-content\/uploads\/2025\/01\/hakkimizda-min-1437x1536.png 1437w, https:\/\/slp.com.tr\/yeni\/wp-content\/uploads\/2025\/01\/hakkimizda-min-1200x1283.png 1200w, https:\/\/slp.com.tr\/yeni\/wp-content\/uploads\/2025\/01\/hakkimizda-min-150x160.png 150w\" sizes=\"(max-width: 1772px) 100vw, 1772px\" \/>\t\t\t\t\t<\/div>\n\n\t\t\t\t\t\t<\/div>\n\t\t\t\t<\/div>\n\t\t\t\t<\/div>\n\t\t<div class=\"elementor-element elementor-element-a1f05cb e-con-full e-flex e-con e-child\" data-id=\"a1f05cb\" data-element_type=\"container\">\n\t\t\t\t<div class=\"elementor-element elementor-element-94c14a7 elementor-widget elementor-widget-wd_text_block\" data-id=\"94c14a7\" data-element_type=\"widget\" data-widget_type=\"wd_text_block.default\">\n\t\t\t\t<div class=\"elementor-widget-container\">\n\t\t\t\t\t\t\t<div class=\"wd-text-block reset-last-child text-left\">\n\t\t\t\n\t\t\t<h3>Hakk\u0131m\u0131zda<\/h3><p>1995 y\u0131l\u0131ndan bu yana \u00d6zt\u00fcrk markas\u0131 alt\u0131nda \u00e7e\u015fitli mobilya \u00fcretimine Kayseri Organize Sanayi B\u00f6lgesi\u2019nde ba\u015flad\u0131\u011f\u0131m\u0131z bu yolculu\u011fumuza \u00e7eyrek as\u0131rd\u0131r durmadan, yorulmadan hizmet vermek amac\u0131yla devam etmekteyiz. Sleep Corner markas\u0131yla ta\u00e7land\u0131rd\u0131\u011f\u0131m\u0131z firmam\u0131z, kalite, hizmet ve g\u00fcven anlay\u0131\u015f\u0131yla T\u00fcrkiye\u2019de 81 il ve d\u00fcnyada 3 k\u0131ta, 16 \u00fclke olmak \u00fczere bir\u00e7ok noktaya hizmet vermektedir.<\/p><p>Yatak ve uyku \u00fcr\u00fcnlerine \u00fcst d\u00fczey talep olmas\u0131 sebebiyle, 2016 y\u0131l\u0131nda tescilledi\u011fimiz Sleep Corner markam\u0131z ile bu alanda piyasaya hizmet veriyoruz. \"Her eve rahat uyku\" anlay\u0131\u015f\u0131yla, uyku 4.0 noktas\u0131nda sat\u0131\u015f \u00f6ncesinde oldu\u011fu gibi sat\u0131\u015f sonras\u0131nda da t\u00fcketici memnuniyetini devam ettiriyoruz. Geli\u015fen ve de\u011fi\u015fen pazar ko\u015fullar\u0131na paralel olarak, yenilik\u00e7i yap\u0131m\u0131z ile d\u00fcnya standartlar\u0131na uygun \u00fcr\u00fcnler \u00fcretmekteyiz. Piyasa taleplerini kar\u015f\u0131lamak amac\u0131yla, eksik g\u00f6rd\u00fc\u011f\u00fcm\u00fcz uyku konforunda teknolojiye ba\u011fl\u0131 olarak yenili\u011fi hedef belirledik. 2020 y\u0131l\u0131nda uyku ve teknoloji \u00fczerine \u00e7al\u0131\u015fmalar\u0131m\u0131z\u0131 yo\u011funla\u015ft\u0131rarak, tamam\u0131na yak\u0131n\u0131 taraf\u0131m\u0131zca patentli olan teknolojik uyku setlerimizle vatanda\u015flar\u0131m\u0131za hizmet vermekteyiz.<\/p><h4 class=\"porto-sicon-title\">Misyonumuz<\/h4><p>Kayseri Organize Sanayi B\u00f6lgesinde bulunan fabrikam\u0131z\u2019da g\u00fcnl\u00fck yatak baza ba\u015fl\u0131k ve uyku \u00fcr\u00fcnlerimize son teknoloji \u00fcr\u00fcnleri yerle\u015ftirerek her daim yenili\u011fe ayak uydurmaya \u00e7al\u0131\u015f\u0131yoruz.<\/p>\n\t\t\t\t\t<\/div>\n\t\t\t\t\t\t<\/div>\n\t\t\t\t<\/div>\n\t\t\t\t<\/div>\n\t\t\t\t\t<\/div>\n\t\t\t\t<\/div>\n\t\t\t\t<\/div>\n\t\t","protected":false},"excerpt":{"rendered":"<p>Hakk\u0131m\u0131zda 1995 y\u0131l\u0131ndan bu yana \u00d6zt\u00fcrk markas\u0131 alt\u0131nda \u00e7e\u015fitli mobilya \u00fcretimine Kayseri Organize Sanayi B\u00f6lgesi\u2019nde ba\u015flad\u0131\u011f\u0131m\u0131z bu yolculu\u011fumuza \u00e7eyrek as\u0131rd\u0131r<\/p>\n","protected":false},"author":1,"featured_media":0,"parent":0,"menu_order":0,"comment_status":"closed","ping_status":"closed","template":"","meta":{"footnotes":""},"class_list":["post-31","page","type-page","status-publish","hentry"],"_links":{"self":[{"href":"https:\/\/slp.com.tr\/yeni\/wp-json\/wp\/v2\/pages\/31","targetHints":{"allow":["GET"]}}],"collection":[{"href":"https:\/\/slp.com.tr\/yeni\/wp-json\/wp\/v2\/pages"}],"about":[{"href":"https:\/\/slp.com.tr\/yeni\/wp-json\/wp\/v2\/types\/page"}],"author":[{"embeddable":true,"href":"https:\/\/slp.com.tr\/yeni\/wp-json\/wp\/v2\/users\/1"}],"replies":[{"embeddable":true,"href":"https:\/\/slp.com.tr\/yeni\/wp-json\/wp\/v2\/comments?post=31"}],"version-history":[{"count":4,"href":"https:\/\/slp.com.tr\/yeni\/wp-json\/wp\/v2\/pages\/31\/revisions"}],"predecessor-version":[{"id":1840,"href":"https:\/\/slp.com.tr\/yeni\/wp-json\/wp\/v2\/pages\/31\/revisions\/1840"}],"wp:attachment":[{"href":"https:\/\/slp.com.tr\/yeni\/wp-json\/wp\/v2\/media?parent=31"}],"curies":[{"name":"wp","href":"https:\/\/api.w.org\/{rel}","templated":true}]}}